 the tens digit of 10425178?
7
What is the ten thousands digit of 190927?
9
What is the units digit of 992975?
5
What is the hundred thousands digit of 3583176?
5
What is the ten thousands digit of 3655270?
5
What is the hundreds digit of 402139?
1
What is the thousands digit of 21013964?
3
What is the millions digit of 1552945?
1
What is the ten thousands digit of 272447?
7
What is the units digit of 328879?
9
What is the ten thousands digit of 19471?
1
What is the thousands digit of 4211805?
1
What is the hundred thousands digit of 1588596?
5
What is the units digit of 508251?
1
What is the thousands digit of 571272?
1
What is the tens digit of 4019950?
5
What is the ten thousands digit of 1332092?
3
What is the hundred thousands digit of 608370?
6
What is the hundreds digit of 1025096?
0
What is the hundred thousands digit of 1280794?
2
What is the tens digit of 53857?
5
What is the units digit of 314494?
4
What is the ten thousands digit of 312149?
1
What is the hundreds digit of 14463517?
5
What is the ten thousands digit of 1818798?
1
What is the hundred thousands digit of 6656783?
6
What is the thousands digit of 115971?
5
What is the units digit of 3362254?
4
What is the tens digit of 305937?
3
What is the thousands digit of 10060935?
0
What is the hundred thousands digit of 630784?
6
What is the tens digit of 206940?
4
What is the thousands digit of 36555?
6
What is the ten thousands digit of 15083515?
8
What is the thousands digit of 11564949?
4
What is the thousands digit of 616149?
6
What is the hundred thousands digit of 18833673?
8
What is the hundred thousands digit of 1432005?
4
What is the tens digit of 7165811?
1
What is the units digit of 7571400?
0
What is the units digit of 51629?
9
What is the tens digit of 5951105?
0
What is the thousands digit of 310181?
0
What is the hundreds digit of 7590033?
0
What is the thousands digit of 2257298?
7
What is the ten thousands digit of 760789?
6
What is the millions digit of 3107655?
3
What is the ten thousands digit of 351208?
5
What is the hundreds digit of 7141750?
7
What is the millions digit of 1778267?
1
What is the units digit of 6999?
9
What is the ten thousands digit of 2342592?
4
What is the millions digit of 6494106?
6
What is the hundreds digit of 5660?
6
What is the ten thousands digit of 58673?
5
What is the units digit of 812730?
0
What is the hundreds digit of 11699?
6
What is the thousands digit of 5263759?
3
What is the thousands digit of 345938?
5
What is the millions digit of 3832030?
3
What is the tens digit of 632081?
8
What is the hundred thousands digit of 3231460?
2
What is the units digit of 15406?
6
What is the tens digit of 127768?
6
What is the units digit of 10406579?
9
What is the thousands digit of 4930446?
0
What is the units digit of 9887579?
9
What is the tens digit of 95?
9
What is the units digit of 272087?
7
What is the thousands digit of 172121?
2
What is the tens digit of 11446483?
8
What is the hundred thousands digit of 169790?
1
What is the hundred thousands digit of 24650586?
6
What is the units digit of 15023617?
7
What is the hundreds digit of 959185?
1
What is the ten thousands digit of 37985?
3
What is the millions digit of 18563820?
8
What is the hundreds digit of 215977?
9
What is the tens digit of 2345986?
8
What is the hundreds digit of 1686358?
3
What is the units digit of 954766?
6
What is the units digit of 1514909?
9
What is the ten thousands digit of 2370391?
7
What is the hundreds digit of 213834?
8
What is the units digit of 198479?
9
What is the units digit of 6361228?
8
What is the ten thousands digit of 1865388?
6
What is the hundreds digit of 3807072?
0
What is the ten thousands digit of 1185941?
8
What is the thousands digit of 254230?
4
What is the units digit of 256096?
6
What is the ten thousands digit of 190391?
9
What is the hundred thousands digit of 976914?
9
What is the units digit of 1443231?
1
What is the units digit of 319934?
4
What is the hundreds digit of 90572?
5
What is the thousands digit of 458729?
8
What is the ten thousands digit of 435900?
3
What is the thousands digit of 2388647?
8
What is the thousands digit of 6007407?
7
What is the tens digit of 10842876?
7
What is the tens digit of 3301348?
4
What is the tens digit of 13542553?
5
What is the millions digit of 5624913?
5
What is the hundreds digit of 363135?
1
What is the thousands digit of 462814?
2
What is the ten thousands digit of 3297136?
9
What is the hundred thousands digit of 346101?
3
What is the millions digit of 1575087?
1
What is the thousands digit of 13289452?
9
What is the tens digit of 3882619?
1
What is the ten thousands digit of 14082954?
8
What is the units digit of 18895139?
9
What is the millions digit of 4839658?
4
What is the units digit of 1638296?
6
What is the hundred thousands digit of 11537770?
5
What is the tens digit of 150695?
9
What is the ten thousands digit of 3517248?
1
What is the tens digit of 138024?
2
What is the tens digit of 7607204?
0
What is the ten thousands digit of 161907?
6
What is the units digit of 116402?
2
What is the thousands digit of 8427389?
7
What is the hundreds digit of 1115091?
0
What is the thousands digit of 16551?
6
What is the thousands digit of 751187?
1
What is the tens digit of 4414413?
1
What is the hundred thousands digit of 20986263?
9
What is the ten thousands digit of 1019475?
1
What is the hundred thousands digit of 176901?
1
What is the units digit of 724735?
5
What is the ten thousands digit of 824646?
2
What is the thousands digit of 14094327?
4
What is the hundreds digit of 149882?
8
What is the ten thousands digit of 17112178?
1
What is the hundreds digit of 8515950?
9
What is the tens digit of 575229?
2
What is the hundred thousands digit of 5631565?
6
What is the ten thousands digit of 336084?
3
What is the hundred thousands digit of 6153053?
1
What is the ten thousands digit of 3860619?
6
What is the units digit of 10203052?
2
What is the hundreds digit of 4900778?
7
What is the thousands digit of 2598195?
8
What is the millions digit of 1287665?
1
What is the hundreds digit of 146339?
3
What is the units digit of 532665?
5
What is the units digit of 158326?
6
What is the thousands digit of 24955464?
5
What is the millions digit of 6397661?
6
What is the units digit of 468137?
7
What is the ten thousands digit of 4305493?
0
What is the units digit of 8920620?
0
What is the units digit of 5918838?
8
What is the tens digit of 762685?
8
What is the hundred thousands digit of 20115619?
1
What is the thousands digit of 1056360?
6
What is the hundreds digit of 770856?
8
What is the millions digit of 14595438?
4
What is the tens digit of 2552248?
4
What is the tens digit of 162223?
2
What is the tens digit of 12532478?
7
What is the thousands digit of 9023029?
3
What is the hundred thousands digit of 843774?
8
What is the millions digit of 1896810?
1
What is the hundreds digit of 8042353?
3
What is the hundreds digit of 371561?
5
What is the units digit of 3565970?
0
What is the thousands digit of 743135?
3
What is the thousands digit of 671604?
1
What is the millions digit of 3145310?
3
What is the ten thousands digit of 21114594?
1
What is the hundreds digit of 911337?
3
What is the tens digit of 1047278?
7
What is the millions digit of 4604111?
4
What is the ten thousands digit of 1474961?
7
What is the units digit of 3223597?
7
What is the thousands digit of 7738524?
8
What is the ten thousands digit of 19772260?
7
What is the units digit of 1140800?
0
What is the ten thousands digit of 2779082?
7
What is the millions digit of 1726397?
1
What is the hundreds digit of 431064?
0
What is the ten thousands digit of 1433833?
3
What is the hundred thousands digit of 1694997?
6
What is the ten thousands digit of 2502735?
0
What is the thousands digit of 642049?
2
What is the thousands digit of 286007?
6
What is the tens digit of 42088?
8
What is the hundred thousands digit of 289683?
2
What is the units digit of 654086?
6
What is the tens digit of 7782468?
6
What is the ten thousands digit of 327568?
2
What is the hundreds digit of 1900093?
0
What is the thousands digit of 1054657?
4
What is the tens digit of 47375?
7
What is the thousands digit of 3056307?
6
What is the t